isor of n and 9.
9
Let u = 16 + -10. Suppose 309 = 2*v + 3*c, -3*c - 288 = -2*v + c. Let f = v - 84. What is the greatest common divisor of u and f?
6
Let t = 4 + 2. Let q = -35 + 59. Let a be t/q - (-383)/4. Calculate the greatest common factor of 16 and a.
16
Let j be ((-2)/(-1))/(1/16). Let a = j - 11. Suppose k = 5*r + 34, 4*k + r + r = 48. Calculate the greatest common divisor of k and a.
7
Let f be (6/(-3))/((-4)/110). Let b be 10*((-3)/(-2) + 1). Let v = b - 3. What is the highest common factor of v and f?
11
Suppose -o - 3*c = -8*c - 45, 0 = 4*c + 8. Calculate the highest common divisor of 14 and o.
7
Suppose 0 = q - 3*q - 60. Let g = -18 - q. Let v = 159 - 51. Calculate the highest common divisor of g and v.
12
Let p(g) = g**3 + 4*g**2 - g - 2. Let w be p(-4). Let r(v) = -v**3 - 6*v**2 + 3. Let q = -22 + 16. Let o be r(q). What is the greatest common factor of w and o?
1
Let d(b) = -b**2 + 7*b - 8. Let u be d(6). Let o be 5 + (u + 0 - 0). Let j = o + 33. Calculate the highest common divisor of 54 and j.
18
Let c(s) = s**3 - 9*s**2 + 4*s - 8. Let l be c(8). Let t = 56 + l. What is the highest common divisor of t and 2?
2
Let p be (-92)/(-20) - (-4)/10. Calculate the highest common factor of 55 and p.
5
Suppose 2*m = 4*j - 918, -5*j + j + 930 = 2*m. What is the highest common divisor of j and 21?
21
Suppose -l - 12 = l. Let k = -2 - l. Suppose 4*o - 5*b - 15 = 0, k*o - 28 = -3*b + 27. What is the highest common factor of o and 1?
1
Suppose 0 + 2 = 2*w. Let f be 3/(-3) - -13*w. Calculate the highest common divisor of 132 and f.
12
Let h = -8 - -26. Let x(j) = -j**2 - 5*j + 6. Let n be (-15)/(-10)*10/(-3). Let l be x(n). What is the greatest common divisor of h and l?
6
Suppose -5*f + 19 = -4*f. Let s = 43 - f. Calculate the highest common factor of 6 and s.
6
Let i be -7*(12/15 - (-126)/(-45)). Calculate the highest common divisor of i and 56.
14
Let a be 2 - 2 - -39*2/2. Calculate the greatest common factor of 3 and a.
3
Let g be 1/3 - (-5)/3. Suppose 2*u - 16 = 4*p + 12, 5*p = g*u - 29. What is the greatest common factor of u and 3?
3
Suppose 57 = 7*f - 2*f + r, -2*r = 5*f - 59. What is the highest common divisor of 44 and f?
11
Suppose 0 = -0*f - 2*f + 22. Calculate the greatest common divisor of 99 and f.
11
Let x = 3 + 1. Suppose x*i = 4*m + 24, -3*i + 2*m + 21 = -0*m. Calculate the highest common factor of 6 and i.
3
Suppose -q - 17 = 5*z, 0 = -0*q + 3*q - 2*z + 34. Let j = q - -31. What is the highest common divisor of 38 and j?
19
Suppose -24 = 5*f - f. Let d be (-4)/f*15/2. Suppose 5*k + 15 = -4*b, -d*b = 5*k - 3*b + 5. What is the greatest common divisor of k and 2?
1
Let t = 125 - 113. Calculate the highest common divisor of 96 and t.
12
Let r be 1 + -2 + (-1 - -26). Let b = 2 + 147. Suppose -4*k + b = -43. Calculate the highest common divisor of r and k.
24
Suppose 2*f - 143 - 33 = 0. Suppose 3*o = -o + f. What is the greatest common factor of o and 11?
11
Suppose 0 = 2*c + c - z + 92, 3*c + 94 = 2*z. Let x be (18/(-10))/(c/100). Calculate the greatest common factor of x and 4.
2
Let z = -2 - -2. Suppose z - 2 = -d, 4*k + d = 150. Suppose 0 = -3*y - 4*w + k, -3*y + 2*w + 0 = -13. What is the greatest common factor of 21 and y?
7
Let h be (-2)/(-7) + 25/35. What is the greatest common divisor of h and 9?
1
Let b(o) = -2*o + 15. Let d be b(7). Let f(c) = 10*c. Let l be f(d). Calculate the greatest common divisor of l and 1.
1
Let z = 13 - 21. Let b = 16 + z. Let v(l) = l**2 - 9*l + 12. Let r be v(b). Calculate the greatest common factor of r and 20.
4
Let l(a) = 2*a - 12. Let q be l(8). Suppose -o - 3*w + 13 = -0*w, 0 = q*o - w - 65. Calculate the highest common divisor of 16 and o.
16
Suppose 0*j + 3 = j, 3*t - 108 = -5*j. What is the highest common factor of t and 31?
31
Suppose 0 = -y + 5*t + 26, -y - 3*t = -0*y - 10. What is the greatest common factor of 128 and y?
16
Suppose 3*b + 50 = j, 84 = j + j - 2*b. Let s(u) = 32*u - 1. Let k be s(3). What is the highest common factor of j and k?
19
Let w(z) = z**3 - 4*z**2 + 2*z + 1. Let n be w(2). Let k = 2 - n. Calculate the greatest common divisor of 2 and k.
1
Let m(t) = -2*t**3 - 3*t**2 - t + 2. Let x be m(-2). Suppose -220 = 3*u - x*u. Calculate the highest common factor of 11 and u.
11
Suppose 0 = 4*r - 6*r. Suppose r*a - 63 = -3*a. Suppose s - 29 = -4*l, 5*l - 2*s = 24 + 9. What is the highest common factor of l and a?
7
Let y = -13 + 46. Let q(l) = 2*l**3 + l**2 - 1. Let p be q(1). Suppose -p*t - 1 + 7 = 0. What is the greatest common factor of t and y?
3
Suppose 3*q = -6*u + 3*u + 21, -2*q - 4*u + 14 = 0. Let d(i) = -i**3 + 6*i**2 + 8*i + 7. Let r be d(q). What is the greatest common factor of r and 112?
14
Suppose 0 = 8*t - 3*t - 45. Let m = 4 - -5. What is the highest common factor of m and t?
9
Let a(r) = r - 8. Let c be a(8). Suppose c*g = -3*m - 2*g + 39, 2*m - g = 19. Calculate the greatest common factor of m and 77.
11
Let b(c) = 2*c + 6. Let d be b(5). Let k be 132/d*(-32)/(-6). What is the greatest common divisor of k and 4?
4
Let v = 741 + -455. What is the highest common factor of v and 22?
22
Let s(k) = k**3 + 2*k**2 + 0*k**3 - 9*k + 4*k - 1 - 1. Let x be s(-3). Suppose v - 20 = -x*v. What is the greatest common factor of v and 32?
4
Let n(y) = 3*y**2 + 3. Let c be n(3). Suppose -2*b = -0*b - c. What is the highest common factor of 5 and b?
5
Suppose 0 = -3*m - m + 528. Let r be 1 + -1 + 4*3. What is the greatest common divisor of m and r?
12
Let c be (1/3)/(3/72). Let q = 2 + 0. Suppose 2*j = 0, -2*m = q*j - 6*j - 176. What is the greatest common factor of c and m?
8
Suppose -52 = -2*h + 8. Let g be ((-5)/(-4))/(1/4). Suppose g*l = -3*a + 3*l + 227, l = 5*a - 374. What is the highest common factor of h and a?
15
Let z = 32 + -26. What is the highest common factor of 114 and z?
6
Let l be ((-10)/8)/((-10)/160). What is the greatest common factor of 20 and l?
20
Let r = -5 - -14. Let h(f) = -f**3 + 8*f**2 + 14*f - 9. Let m be h(r). Calculate the greatest common factor of 4 and m.
4
Let p be ((-882)/12)/(6/(-40)). Suppose 6*o = o + p. Suppose 4*q + 18 = o. Calculate the greatest common factor of q and 30.
10
Let q = -31 + 44. Calculate the highest common divisor of 65 and q.
13
Let v(b) = b**2 + b + 1. Let s be v(2). Let u(n) = -n**2 + 8*n + 3. Let h be u(s). What is the greatest common factor of h and 90?
10
Let w(j) be the first derivative of -4*j**2 - j + 7. Let b be w(-2). Calculate the highest common divisor of 45 and b.
15
Let h(r) = -r**3 + 12*r**2 + r - 10. Let k be h(12). Calculate the highest common divisor of k and 22.
2
Let n be 49 + 0 + (-2)/2. Suppose 8*x - n = 4*x. Calculate the highest common divisor of 84 and x.
12
Suppose 46 = 5*j + 2*v, -4 = -3*j - v + 24. What is the highest common factor of j and 25?
5
Let n = 23 + -35. Let y(l) = -l**2 - 14*l + 11. Let j be y(n). Calculate the highest common divisor of 5 and j.
5
Suppose -3*s - 1 = 5*o + 4, 28 = 4*o - 4*s. Suppose o*c + c + 4*g - 14 = 0, c = -4*g + 10. Calculate the highest common divisor of 22 and c.
2
Let u(s) = s - 9. Let o be u(11). What is the highest common factor of 2 and o?
2
Suppose -1 + 4 = -3*o. Let c be 24/9*(2 - o). Let g be (0 + c)/(2/24). What is the highest common factor of 12 and g?
12
Let t = -8 + 20. Let c = t + -8. Suppose 0 = 3*f - 0*f - 4*w - 147, c*w + 57 = f. Calculate the greatest common factor of f and 30.
15
Let u(n) = -8*n - 97. Let v be u(-15). Suppose 3*z - 2*j - 343 = 0, 2*j - 60 + 633 = 5*z. What is the highest common factor of v and z?
23
Let l be 2 + 10 - 1 - (-3)/1. What is the highest common factor of 7 and l?
7
Let w = 146 - 59. What is the highest common divisor of w and 58?
29
Let n(c) = c**2 + 4. Let x be ((-12)/15)/(2/10). Let a be n(x). Calculate the greatest common divisor of 30 and a.
10
Let f be (-3)/1 + 11 - 3. Calculate the highest common divisor of f and 25.
5
Let z be 13 + -3 - 1*-4. What is the greatest common divisor of z and 42?
14
Suppose 3 = -3*o - 3, 3*o - 14 = -2*w. Let y be 1824/(-10) - (-4)/w. Let v be 8/(-36) - y/9. Calculate the highest common divisor of v and 10.
10
Let h be ((-3)/5)/(5/(-25)). Suppose -h*n = -73 + 19. Let g be (-38)/(-6) + 4/(-12). Calculate the highest common factor of n and g.
6
Suppose 0 = 9*z - 11*z. Sup